emainder when j is divided by p?
5
What is the remainder when (6495/(-60))/(4 - 147/36) is divided by 52?
51
Suppose -2*l = -2*x - 0*x - 10, 5*l - 2*x = 37. Let a = 16 - l. What is the remainder when (0/(-17) - -12) + 11 is divided by a?
2
Suppose 3*j = -3*b + 165, 0 = -3*j + 6*b - 2*b + 193. Suppose -o = 4*s - 119, 5*s - 204 = -5*o - j. Calculate the remainder when 178 is divided by s.
28
Let g = 523 - 512. What is the remainder when 1382 is divided by g?
7
Let y(j) = -j**2 + 24*j + 125. Suppose d - 2*i - 36 = 0, -2*d = 44*i - 39*i - 36. Calculate the remainder when 64 is divided by y(d).
12
Let o(i) = i**3 + 4*i**2 + 5*i + 14. Let v be o(-4). Let y(q) = 7*q + 53. Calculate the remainder when 65 is divided by y(v).
10
Suppose 0 = 4*v - 62 - 78. Let g(x) = -x**2 + 9*x + 30. Let f be (108/54)/((-24)/(-11) - 2). Calculate the remainder when v is divided by g(f).
3
Calculate the remainder when (-4186)/(-4) + 170/68 is divided by 80.
9
Suppose 5*j + 5*p - 2985 = 0, 5*j - 2555 = 4*p + 385. Let k = j - 588. Calculate the remainder when 75 is divided by k.
3
Let b(u) = -9*u + 204. Let w be b(22). Let x(y) = -11*y**2 + 72*y + 5. Calculate the remainder when 737 is divided by x(w).
40
Suppose 12*o + 33 - 165 = 0. Let r(t) = t**3 - 11*t**2 + 11*t + 11. What is the remainder when r(o) is divided by 35?
27
Suppose 8 = 2*r + 2*l + 34, -4*r - 2*l = 48. Let x(b) = b**3 + 13*b**2 + 22*b + 10. Let q = -2 + 7. Calculate the remainder when x(r) is divided by q.
0
Let d(w) = -3*w**2 - 27*w - 24. Let p(g) = 8*g - 270. Let r be p(33). Calculate the remainder when 267 is divided by d(r).
27
Let n = 9 - -1. Let x(l) = -5*l + 92. Let f = 168 - 153. Calculate the remainder when x(f) is divided by n.
7
Let j(y) = 2*y**2 - 554*y + 12705. Suppose -180 = -3*q - 2*q. Calculate the remainder when j(25) is divided by q.
33
Calculate the remainder when 17067 is divided by (156/(-9))/((-488)/4758).
167
Let g(q) = 2*q**2 + 9*q + 19. Let h be g(-7). Let t = 63 - h. What is the remainder when 88 is divided by (-10)/(24/t + -3)?
28
Suppose 0 = 4*w - 0*s + 2*s - 484, 0 = -3*w + s + 358. What is the remainder when 199 is divided by w?
79
Suppose -14 - 1 = -5*d, -23 = -u - 5*d. Suppose 11*j = u*j. Suppose 3*m = j, 3*m - 132 = -3*i - 0*i. Calculate the remainder when i is divided by 9.
8
Let n = -271 + 258. Let h(w) = -12*w - 1. Let x be h(2). Let f = n - x. Calculate the remainder when 20 is divided by f.
8
Let r = 1727 - 1559. Let h(m) = 35*m**3 + 3*m - 4. What is the remainder when r is divided by h(1)?
32
Suppose x - 30 = 11. Let m be 2/4 + (-20920)/80. Let j = m + 282. What is the remainder when x is divided by j?
20
Let l = 205 + -164. Suppose -l*r + 33*r = -912. Calculate the remainder when r is divided by 17.
12
Let w(j) = -j**3 + 4*j**2 + 4. Let k be w(4). Suppose k*r - 423 = -2235. Calculate the remainder when 67 is divided by ((-8)/(-12))/(r/153 + 3).
16
Suppose 0 = -2*m - 4*k - 4, 0 = -m + 3*k - 4*k. Let l be 9/(-12) - 1449/36. What is the remainder when (-8 - l) + 2/(m*1) is divided by 9?
7
Let t be 1756/(-16) - 1/4. Calculate the remainder when 59 is divided by -9*(-9)/5 + 22/t.
11
Let c(q) = q**3 + 6*q**2 - 2*q - 4. Suppose 133*b - 134*b + 37 = 5*p, -5*b + 104 = -2*p. Calculate the remainder when b is divided by c(-6).
6
Suppose -s = -t, 2*s = 3*t + 6*s - 28. Let a(g) = 102*g - 50. What is the remainder when a(t) is divided by 12?
10
Suppose -3*f - 4*l = -9942, 62*l - 13284 = -4*f + 66*l. What is the remainder when f is divided by 175?
168
Let w be (4 + -7 + 2)/((-2)/38). Suppose -10 + 86 = -w*x. Let d(m) = -8*m - 3. What is the remainder when 86 is divided by d(x)?
28
Let j = -3263 + 3285. Calculate the remainder when 1993 is divided by j.
13
Let f = -19663 + 19720. Calculate the remainder when 2099 is divided by f.
47
Let h(f) = 2*f**2 - 4*f - 3. Suppose 22650*s - 255 = 22648*s - p, 4*p = 2*s - 230. Calculate the remainder when s is divided by h(5).
17
Suppose 2139 = 23*k - 16054. Calculate the remainder when k is divided by 138.
101
Let d be 2 - (0 + 0)*(0 - 1). What is the remainder when (-1 + 1045/22)*d/3 is divided by 5?
1
Let v = 52 - 54. Let i(f) = -10*f**3 + f**2 + 2*f + 3. Let m be i(v). Suppose -m - 112 = -3*y. Calculate the remainder when y is divided by 18.
11
Let z(r) = -4*r**2 + 3 + 1 + 3*r**2 + 3. Let o(j) = j**2 + 9*j - 10. What is the remainder when o(-12) is divided by z(0)?
5
Suppose -j = 3 - 0. Calculate the remainder when (24/(-10))/(6/(-80)) is divided by (-9)/3 + (3 - j) - 0.
2
Let p = 277 + -496. Let u = 1066 + p. Suppose k = -3*b + 174, -5*k = 3*b - 59 - u. Calculate the remainder when k is divided by 62.
59
Let l = 69 + -66. Suppose 310 = -5*k - 5*u, l*k + 6*u - 2*u = -185. What is the remainder when 2/9 - 1498/k is divided by 5?
4
What is the remainder when 189 is divided by 44/(5 - 3)*(4 + -3)?
13
Suppose 2*u - 1632 = 118. Suppose -965 = -8*r + u. Suppose -r = -4*w + 2. What is the remainder when w is divided by 15?
13
Suppose -266*t + 323*t = 8493. What is the remainder when t is divided by 53?
43
Let j(r) = 4*r**2 - 2. Let o be j(-4). Suppose 2*g - o = -0*g. Suppose 2*i = 5*w - 45, -4*w + 38*i + 29 = 35*i. What is the remainder when g is divided by w?
9
Let o = 259 - 437. Let m = -148 - o. Calculate the remainder when 208 is divided by m.
28
Let f = -24347 + 25057. Calculate the remainder when f is divided by 245.
220
What is the remainder when (1*7350)/((242/44)/11) is divided by 241?
240
Suppose -1017 = -62*f + 781. Calculate the remainder when 258 is divided by f.
26
Let j(u) = -8*u**2 - 70*u + 43. Calculate the remainder when 181 is divided by j(-9).
6
Let i(c) = 21*c**3 - 5*c**2 + 138*c - 628. Calculate the remainder when i(5) is divided by 26.
14
Suppose -f - 3 = 3*p, -4*p - 5*f + 11 = -2*p. Let g be 0 - (3 - p) - -5. Suppose 2*k - 8*k + 234 = g. What is the remainder when 73 is divided by k?
34
Calculate the remainder when 103 is divided by ((-544)/85)/(1/(45/(-96)) + 2).
7
Suppose 4*g - 9 = -2*t + 53, -2*t = -4*g + 82. What is the remainder when 7809 is divided by g?
15
Suppose -3*h + 5184 = 5031. Calculate the remainder when 183 is divided by h.
30
Let d(t) = -t**3 + 4*t**2 + 10*t + 20. Let j be d(6). What is the remainder when 3 is divided by ((-29)/(-4) - 2/j) + -4?
0
Suppose 0 = 4*w - 32 + 20. Suppose 330 = -w*z + 6*z. Let i = z + -69. Calculate the remainder when i is divided by 9.
5
Let a(r) = r**2 - 9*r + 17. What is the remainder when 5246 is divided by a(8)?
8
Suppose -34*v + 8744 + 6661 = 5*v. What is the remainder when v is divided by 88?
43
Suppose 0*f = -6*f - 1906 + 5074. Calculate the remainder when f is divided by 76.
72
Suppose 29*p - 848 = -35*p + 368. Calculate the remainder when 6649 is divided by p.
18
Suppose z = n - 35, -530*z + 535*z = 2*n - 61. What is the remainder when 186 is divided by n?
34
Let d = -6 + 343. Let n = d + -238. What is the remainder when n is divided by 40?
19
Let f(g) = -g**2 + 15*g + 54. Let x be f(17). Suppose -4*y + 25 + x = -3*h, -3*y + 30 = -h. What is the remainder when y is divided by 5?
4
Suppose -2*g - 466 = 4*z, -4*z + 203 = -2*g - 247. Let s = g - -244. Calculate the remainder when 117 is divided by s.
12
Let l(i) = 27*i + 177. Let q(v) = -2*v + 18. Let b be q(12). What is the remainder when 598 is divided by l(b)?
13
What is the remainder when ((-92)/20 + 5)/((-20)/(-29950)) is divided by 570?
29
Let g = -80 + 86. Let h be (-45)/g*(1 - 85/15). Suppose -48 = -38*y + h*y. What is the remainder when y is divided by 9?
7
Calculate the remainder when ((7 - (-132)/(-20)) + 526 - 4)*5 is divided by 61.
50
Let j = 114 + -108. Let q(f) = -f**3 + 8*f**2 - 11*f - 6. Let k be q(j). Suppose k = 16*r - 7*r - 306. What is the remainder when r is divided by 13?
8
What is the remainder when 2302 is divided by -9 - (5 + 0)/((-2)/14)?
14
Let y be -2*(12/21 + 438/42). Let g = 170 + y. Calculate the remainder when g is divided by 50.
48
Suppose -20 = -n + 3*c, 29 + 23 = 2*n - 2*c. What is the remainder when 5218 is divided by n?
27
Suppose q = 2*q - 63. Let x = -438298 + 438326. Calculate the remainder when q is divided by x.
7
Calculate the remainder when 1631282/2853 + 4/18 + 0 is divided by 7.
5
Calculate the remainder when 2939 is divided by (-24)/108 - 92/(-9).
9
Let r(y) = 3*y**2 + 11*y